{"id":1466,"date":"2018-11-20T00:38:00","date_gmt":"2018-11-19T22:38:00","guid":{"rendered":"http:\/\/fkrwt.de\/cms\/?page_id=1466"},"modified":"2018-11-20T00:38:00","modified_gmt":"2018-11-19T22:38:00","slug":"oeffnungs-und-betreuungszeit","status":"publish","type":"page","link":"https:\/\/fkrwt.de\/cms\/die-kita\/oeffnungs-und-betreuungszeit\/","title":{"rendered":"\u00d6ffnungs- und Betreuungszeiten"},"content":{"rendered":"<h3><span style=\"text-decoration: underline;\">\u00d6ffnungszeit:<\/span><\/h3>\n<p>Unsere Einrichtung hat 45 Stunden in der Woche ge\u00f6ffnet.<\/p>\n<p>Wir bieten eine t\u00e4gliche \u00d6ffnungszeit von 7:30-16:30 Uhr f\u00fcr alle Kinder, die eine 45 Stunden Betreuung in Anspruch nehmen.<\/p>\n<p>Alle Kinder, die eine 35 Stunden Betreuung in Anspruch nehmen, k\u00f6nnen in der Zeit von<br \/>\n7:30 -14:30 Uhr in der Einrichtung betreut werden.<\/p>\n<p>Nach dem Kinderbildungsgesetz NRW (KiBiz) ist der Tr\u00e4ger angehalten m\u00f6glichst bedarfsgerecht die Betreuungszeit anzubieten (\u00a713e (1) KiBiz). Um die \u00d6ffnungszeiten der Einrichtung m\u00f6glichst an dem Bedarf der Eltern ausrichten zu k\u00f6nnen, sind wir auf die Mitwirkdung angewiesen. Anhand von Frageb\u00f6gen stellen wir j\u00e4hrlichen den Bedarf in der Einrichtung fest.<\/p>\n<p>Unsere Einrichtung hat 2 Wochen in den Sommerferien sowie zwischen Weihnachten und Neujahr geschlossen.<\/p>\n<p>Dar\u00fcber hinaus gibt es vereinzelnde Schlie\u00dfungstage:<\/p>\n<ul>\n<li style=\"list-style-type: none;\">\n<ul>\n<li><span style=\"font-family: Times New Roman,Times New Roman; font-size: large;\">drei Konzeptionstagen pro Kalenderjahr <\/span><\/li>\n<li><span style=\"font-family: Times New Roman,Times New Roman; font-size: large;\">Betriebsausflug <\/span><\/li>\n<li><span style=\"font-family: Times New Roman,Times New Roman; font-size: large;\">Weiberfastnacht ab 11.00 Uhr <\/span><\/li>\n<li><span style=\"font-family: Times New Roman,Times New Roman; font-size: large;\">Personalversammlung der Stadt Troisdorf ab 13.00 Uhr <\/span><\/li>\n<\/ul>\n<\/li>\n<\/ul>\n<p>&nbsp;<\/p>\n<h3><span style=\"text-decoration: underline;\">Betreuungszeit:<\/span><\/h3>\n<p>Sie als Eltern melden Ihren Bedarf der Betreuungszeiten f\u00fcr Ihr Kind in dem Anmeldeportal<br \/>\n\u201eLittle Bird&#8220; an.<br \/>\nAuch wenn Sie eine Ver\u00e4nderung der Betreuungszeit w\u00fcnschen, k\u00f6nnen Sie dies \u00fcber \u201eLittle Bird&#8220; anmelden.<\/p>\n<p>In unsere Einrichtung haben wir Kapazit\u00e4ten f\u00fcr eine 35 oder eine 45 Stunden Betreuung:<\/p>\n<p><strong><span style=\"text-decoration: underline;\">-35 Stunden mit Mittagessen<\/span><\/strong><\/p>\n<p>Montag \u2013 Freitag 7:30 \u2013 14:30 Uhr<\/p>\n<p>&#8211;<strong><span style=\"text-decoration: underline;\">45 Stunden mit Mittagessen und Snack<\/span><\/strong><\/p>\n<p>Montag \u2013 Freitag 7:30 \u2013 16:30 Uhr<\/p>\n<p>Wie lange die Betreuungszeit f\u00fcr Ihr Kind in unserer Einrichtung ist, wird im Aufnahmegespr\u00e4ch und in weiteren Beratungsgespr\u00e4chen, im Falle einer \u00c4nderung des Betreuungsbedarfs, individuell zum Wohle Ihres Kindes vereinbart.<\/p>\n<p>Uns kommt es insbesondere auf die intensive Elternzusammenarbeit an, um den wechselseitigen Bed\u00fcrfnissen des Kindes gerecht zu werden.<\/p>\n<p>&nbsp;<\/p>\n","protected":false},"excerpt":{"rendered":"<p>\u00d6ffnungszeit: Unsere Einrichtung hat 45 Stunden in der Woche ge\u00f6ffnet. Wir bieten eine t\u00e4gliche \u00d6ffnungszeit von 7:30-16:30 Uhr f\u00fcr alle Kinder, die eine 45 Stunden Betreuung in Anspruch nehmen. Alle Kinder, die eine 35 Stunden Betreuung in Anspruch nehmen, k\u00f6nnen in der Zeit von 7:30 -14:30 Uhr in der Einrichtung betreut werden. Nach dem Kinderbildungsgesetz NRW (KiBiz) ist der Tr\u00e4ger angehalten m\u00f6glichst bedarfsgerecht die Betreuungszeit anzubieten (\u00a713e (1) KiBiz). Um die \u00d6ffnungszeiten der Einrichtung m\u00f6glichst an dem Bedarf der Eltern ausrichten zu k\u00f6nnen, sind wir auf die Mitwirkdung angewiesen. Anhand von Frageb\u00f6gen stellen wir j\u00e4hrlichen den Bedarf in der Einrichtung fest. Unsere Einrichtung hat 2 Wochen in den Sommerferien sowie [&hellip;]<\/p>\n","protected":false},"author":5,"featured_media":0,"parent":26,"menu_order":0,"comment_status":"closed","ping_status":"closed","template":"","meta":{"footnotes":""},"_links":{"self":[{"href":"https:\/\/fkrwt.de\/cms\/wp-json\/wp\/v2\/pages\/1466"}],"collection":[{"href":"https:\/\/fkrwt.de\/cms\/wp-json\/wp\/v2\/pages"}],"about":[{"href":"https:\/\/fkrwt.de\/cms\/wp-json\/wp\/v2\/types\/page"}],"author":[{"embeddable":true,"href":"https:\/\/fkrwt.de\/cms\/wp-json\/wp\/v2\/users\/5"}],"replies":[{"embeddable":true,"href":"https:\/\/fkrwt.de\/cms\/wp-json\/wp\/v2\/comments?post=1466"}],"version-history":[{"count":4,"href":"https:\/\/fkrwt.de\/cms\/wp-json\/wp\/v2\/pages\/1466\/revisions"}],"predecessor-version":[{"id":1470,"href":"https:\/\/fkrwt.de\/cms\/wp-json\/wp\/v2\/pages\/1466\/revisions\/1470"}],"up":[{"embeddable":true,"href":"https:\/\/fkrwt.de\/cms\/wp-json\/wp\/v2\/pages\/26"}],"wp:attachment":[{"href":"https:\/\/fkrwt.de\/cms\/wp-json\/wp\/v2\/media?parent=1466"}],"curies":[{"name":"wp","href":"https:\/\/api.w.org\/{rel}","templated":true}]}}

Öffnungs- und Betreuungszeiten

<h3><span style="text-decoration: underline;">Öffnungszeit:</span></h3>
<p>Unsere Einrichtung hat 45 Stunden in der Woche geöffnet.</p>
<p>Wir bieten eine tägliche Öffnungszeit von 7:30-16:30 Uhr für alle Kinder, die eine 45 Stunden Betreuung in Anspruch nehmen.</p>
<p>Alle Kinder, die eine 35 Stunden Betreuung in Anspruch nehmen, können in der Zeit von<br />
7:30 -14:30 Uhr in der Einrichtung betreut werden.</p>
<p>Nach dem Kinderbildungsgesetz NRW (KiBiz) ist der Träger angehalten möglichst bedarfsgerecht die Betreuungszeit anzubieten (§13e (1) KiBiz). Um die Öffnungszeiten der Einrichtung möglichst an dem Bedarf der Eltern ausrichten zu können, sind wir auf die Mitwirkdung angewiesen. Anhand von Fragebögen stellen wir jährlichen den Bedarf in der Einrichtung fest.</p>
<p>Unsere Einrichtung hat 2 Wochen in den Sommerferien sowie zwischen Weihnachten und Neujahr geschlossen.</p>
<p>Darüber hinaus gibt es vereinzelnde Schließungstage:</p>
<ul>
<li style="list-style-type: none;">
<ul>
<li><span style="font-family: Times New Roman,Times New Roman; font-size: large;">drei Konzeptionstagen pro Kalenderjahr </span></li>
<li><span style="font-family: Times New Roman,Times New Roman; font-size: large;">Betriebsausflug </span></li>
<li><span style="font-family: Times New Roman,Times New Roman; font-size: large;">Weiberfastnacht ab 11.00 Uhr </span></li>
<li><span style="font-family: Times New Roman,Times New Roman; font-size: large;">Personalversammlung der Stadt Troisdorf ab 13.00 Uhr </span></li>
</ul>
</li>
</ul>
<p>&nbsp;</p>
<h3><span style="text-decoration: underline;">Betreuungszeit:</span></h3>
<p>Sie als Eltern melden Ihren Bedarf der Betreuungszeiten für Ihr Kind in dem Anmeldeportal<br />
„Little Bird&#8220; an.<br />
Auch wenn Sie eine Veränderung der Betreuungszeit wünschen, können Sie dies über „Little Bird&#8220; anmelden.</p>
<p>In unsere Einrichtung haben wir Kapazitäten für eine 35 oder eine 45 Stunden Betreuung:</p>
<p><strong><span style="text-decoration: underline;">-35 Stunden mit Mittagessen</span></strong></p>
<p>Montag – Freitag 7:30 – 14:30 Uhr</p>
<p>&#8211;<strong><span style="text-decoration: underline;">45 Stunden mit Mittagessen und Snack</span></strong></p>
<p>Montag – Freitag 7:30 – 16:30 Uhr</p>
<p>Wie lange die Betreuungszeit für Ihr Kind in unserer Einrichtung ist, wird im Aufnahmegespräch und in weiteren Beratungsgesprächen, im Falle einer Änderung des Betreuungsbedarfs, individuell zum Wohle Ihres Kindes vereinbart.</p>
<p>Uns kommt es insbesondere auf die intensive Elternzusammenarbeit an, um den wechselseitigen Bedürfnissen des Kindes gerecht zu werden.</p>
<p>&nbsp;</p>

<p>Öffnungszeit: Unsere Einrichtung hat 45 Stunden in der Woche geöffnet. Wir bieten eine tägliche Öffnungszeit von 7:30-16:30 Uhr für alle Kinder, die eine 45 Stunden Betreuung in Anspruch nehmen. Alle Kinder, die eine 35 Stunden Betreuung in Anspruch nehmen, können in der Zeit von 7:30 -14:30 Uhr in der Einrichtung betreut werden. Nach dem Kinderbildungsgesetz NRW (KiBiz) ist der Träger angehalten möglichst bedarfsgerecht die Betreuungszeit anzubieten (§13e (1) KiBiz). Um die Öffnungszeiten der Einrichtung möglichst an dem Bedarf der Eltern ausrichten zu können, sind wir auf die Mitwirkdung angewiesen. Anhand von Fragebögen stellen wir jährlichen den Bedarf in der Einrichtung fest. Unsere Einrichtung hat 2 Wochen in den Sommerferien sowie [&hellip;]</p>
