{"id":1499,"date":"2019-01-13T17:06:40","date_gmt":"2019-01-13T15:06:40","guid":{"rendered":"http:\/\/fkrwt.de\/cms\/?page_id=1499"},"modified":"2019-01-13T17:06:40","modified_gmt":"2019-01-13T15:06:40","slug":"umsetzung-des-gesetzlichen-auftrages","status":"publish","type":"page","link":"https:\/\/fkrwt.de\/cms\/die-kita\/inklusion\/umsetzung-des-gesetzlichen-auftrages\/","title":{"rendered":"Umsetzung des gesetzlichen Auftrages"},"content":{"rendered":"<p>In NRW gilt eine festgeschriebene Bildungsvereinbarung f\u00fcr Kindertageseinrichtungen.<\/p>\n<p>Diese sind in 10 Bildungsbereiche aufgeteilt. (Schwerpunkte der Einrichtung sind Fett gedruckt)<\/p>\n<p><strong>-Bewegung<\/strong><br \/>\n<strong>-K\u00f6rper\/Gesundheit und Ern\u00e4hrung<\/strong><br \/>\n-Sprache und Kommunikation<br \/>\n-Soziale, kulturelle und interkulturelle Bildung<br \/>\n-Musisch-\u00e4sthetische Bildung<br \/>\n-Religion und Ethik<br \/>\n-Mathematische Bildung<br \/>\n-Naturwissenschaftliche &#8211; technische Bildung<br \/>\n-\u00d6kologische Bildung<br \/>\n-Medien<\/p>\n<p>Die Bildungsbereiche Bewegung, K\u00f6rper\/ Gesundheit und Ern\u00e4hrung sind durch die Zertifizierung der Einrichtung als \u201eanerkannter Bewegungskindergarten mit dem Pluspunkt Ern\u00e4hrung\u201c NRW und KiTa Vital <strong>Schwerpunkte <\/strong>in unserer Arbeit mit Kindern.<\/p>\n","protected":false},"excerpt":{"rendered":"<p>In NRW gilt eine festgeschriebene Bildungsvereinbarung f\u00fcr Kindertageseinrichtungen. Diese sind in 10 Bildungsbereiche aufgeteilt. (Schwerpunkte der Einrichtung sind Fett gedruckt) -Bewegung -K\u00f6rper\/Gesundheit und Ern\u00e4hrung -Sprache und Kommunikation -Soziale, kulturelle und interkulturelle Bildung -Musisch-\u00e4sthetische Bildung -Religion und Ethik -Mathematische Bildung -Naturwissenschaftliche &#8211; technische Bildung -\u00d6kologische Bildung -Medien Die Bildungsbereiche Bewegung, K\u00f6rper\/ Gesundheit und Ern\u00e4hrung sind durch die Zertifizierung der Einrichtung als \u201eanerkannter Bewegungskindergarten mit dem Pluspunkt Ern\u00e4hrung\u201c NRW und KiTa Vital Schwerpunkte in unserer Arbeit mit Kindern.<\/p>\n","protected":false},"author":5,"featured_media":0,"parent":1491,"menu_order":0,"comment_status":"closed","ping_status":"closed","template":"","meta":{"footnotes":""},"_links":{"self":[{"href":"https:\/\/fkrwt.de\/cms\/wp-json\/wp\/v2\/pages\/1499"}],"collection":[{"href":"https:\/\/fkrwt.de\/cms\/wp-json\/wp\/v2\/pages"}],"about":[{"href":"https:\/\/fkrwt.de\/cms\/wp-json\/wp\/v2\/types\/page"}],"author":[{"embeddable":true,"href":"https:\/\/fkrwt.de\/cms\/wp-json\/wp\/v2\/users\/5"}],"replies":[{"embeddable":true,"href":"https:\/\/fkrwt.de\/cms\/wp-json\/wp\/v2\/comments?post=1499"}],"version-history":[{"count":2,"href":"https:\/\/fkrwt.de\/cms\/wp-json\/wp\/v2\/pages\/1499\/revisions"}],"predecessor-version":[{"id":1501,"href":"https:\/\/fkrwt.de\/cms\/wp-json\/wp\/v2\/pages\/1499\/revisions\/1501"}],"up":[{"embeddable":true,"href":"https:\/\/fkrwt.de\/cms\/wp-json\/wp\/v2\/pages\/1491"}],"wp:attachment":[{"href":"https:\/\/fkrwt.de\/cms\/wp-json\/wp\/v2\/media?parent=1499"}],"curies":[{"name":"wp","href":"https:\/\/api.w.org\/{rel}","templated":true}]}}

<p>In NRW gilt eine festgeschriebene Bildungsvereinbarung für Kindertageseinrichtungen.</p>
<p>Diese sind in 10 Bildungsbereiche aufgeteilt. (Schwerpunkte der Einrichtung sind Fett gedruckt)</p>
<p><strong>-Bewegung</strong><br />
<strong>-Körper/Gesundheit und Ernährung</strong><br />
-Sprache und Kommunikation<br />
-Soziale, kulturelle und interkulturelle Bildung<br />
-Musisch-ästhetische Bildung<br />
-Religion und Ethik<br />
-Mathematische Bildung<br />
-Naturwissenschaftliche &#8211; technische Bildung<br />
-Ökologische Bildung<br />
-Medien</p>
<p>Die Bildungsbereiche Bewegung, Körper/ Gesundheit und Ernährung sind durch die Zertifizierung der Einrichtung als „anerkannter Bewegungskindergarten mit dem Pluspunkt Ernährung“ NRW und KiTa Vital <strong>Schwerpunkte </strong>in unserer Arbeit mit Kindern.</p>

<p>In NRW gilt eine festgeschriebene Bildungsvereinbarung für Kindertageseinrichtungen. Diese sind in 10 Bildungsbereiche aufgeteilt. (Schwerpunkte der Einrichtung sind Fett gedruckt) -Bewegung -Körper/Gesundheit und Ernährung -Sprache und Kommunikation -Soziale, kulturelle und interkulturelle Bildung -Musisch-ästhetische Bildung -Religion und Ethik -Mathematische Bildung -Naturwissenschaftliche &#8211; technische Bildung -Ökologische Bildung -Medien Die Bildungsbereiche Bewegung, Körper/ Gesundheit und Ernährung sind durch die Zertifizierung der Einrichtung als „anerkannter Bewegungskindergarten mit dem Pluspunkt Ernährung“ NRW und KiTa Vital Schwerpunkte in unserer Arbeit mit Kindern.</p>
