{"id":1529,"date":"2019-01-13T18:40:16","date_gmt":"2019-01-13T16:40:16","guid":{"rendered":"http:\/\/fkrwt.de\/cms\/?page_id=1529"},"modified":"2019-01-13T18:40:16","modified_gmt":"2019-01-13T16:40:16","slug":"ernaehrung","status":"publish","type":"page","link":"https:\/\/fkrwt.de\/cms\/die-kita\/schwerpunkte-unserer-arbeit\/ernaehrung\/","title":{"rendered":"Ern\u00e4hrung"},"content":{"rendered":"<h2>Eine gesunde Ern\u00e4hrung bildet eine wichtige Grundlage f\u00fcr die kindliche Entwicklung. Indem alle wichtigen N\u00e4hrstoffe bereitgestellt werden, leitet es dem Kind die n\u00f6tige Energie, die es f\u00fcr seine t\u00e4glichen Aktivit\u00e4ten, f\u00fcr sein Spiel und seine Bewegung braucht.<\/h2>\n<p>Unkompliziert in der Zubereitung und Zusammenstellung und dennoch schmackhaft und abwechslungsreich, so sollte die gesunde Kinderern\u00e4hrung sein.<\/p>\n<p><strong><u>Fr\u00fchst\u00fcck<\/u><\/strong><\/p>\n<ul>\n<li>Wir bitten daher die Eltern ein ausgewogenes Fr\u00fchst\u00fcck f\u00fcr ihr Kind t\u00e4glich eine Dose mit in die Einrichtung zu geben. Dies von Montag bis Donnerstag. Am Freitag findet ein M\u00fcslitag in unserer Einrichtung statt. Hier gestalten wir Fr\u00fchst\u00fcck \u00fcber das Verpflegungsgeld f\u00fcr das Mittagessen. Wechselnde Obst und Gem\u00fcsesorten bieten wir t\u00e4glich f\u00fcr die Kinder \u00fcber einen kleinen Snackteller am Fr\u00fchst\u00fcckstisch f\u00fcr alle Kinder ebenfalls \u00fcber das Verpflegungsgeld.<\/li>\n<li>Jeden Tag k\u00f6nnen die Kinder zwischen unges\u00fc\u00dftem Tee, Wasser und Milch (nur am Morgen) ausw\u00e4hlen.<\/li>\n<\/ul>\n<p>&nbsp;<\/p>\n<p><strong><u>Feste und Feiern<\/u><\/strong><\/p>\n<ul>\n<li>Jahreszeitliche Feste und Feiern werden auch mit einem gemeinsamen Fr\u00fchst\u00fcck in der Gruppe gefeiert. Hierbei gibt es oft eine Besonderheit z.B. einen riesigen gebackenen Weckmann, bunte Eier u.\u00e4.<\/li>\n<li>Auch die Geburtstage der Kinder werden in der Gruppe gefeiert. Dazu bringen die Familien in der Regel eine Kleinigkeit zu essen mit. Gesunde Alternativen zum traditionellen Geburtstagskuchen , wie z.. Obstspie\u00dfe, Gem\u00fcsetiere u.\u00e4. sind visualisiert an der Wand neben der K\u00fcche einzusehen.<\/li>\n<\/ul>\n<p><strong><u>Mittagessen<\/u><\/strong><\/p>\n<ul>\n<li>F\u00fcr das Mittagessen ist eine Kochfrau eingestellt. Diese bereitet t\u00e4glich eine ausgewogene schmackhafte und kindgerechte Mahlzeit vor (vegetarisch, Fisch, Fleisch). Die Lagerung und die Zubereitung der Mahlzeiten finden in einer Gastronomiek\u00fcche innerhalb der Einrichtung statt.<\/li>\n<li>Den Speiseplan f\u00fcr eine Woche h\u00e4ngt an der Wand neben der K\u00fcche aus. Daneben wird dieser kindgerecht mit Bildern visualisiert.<\/li>\n<li>Einmal im Jahr hat jede Gruppe eine \u201eWunschwoche\u201c. In der K\u00f6nnen die Kinder sich anhand der Bilder im Flur, ihre Men\u00fcs zusammenstellen.<\/li>\n<li>Wenn es Suppe gibt, backen immer 2 Kinder aus den \u00dc3 Gruppen mit der Kochfrau gemeinsam das Brot zum Mittagessen f\u00fcr alle Kinder.<\/li>\n<li>F\u00fcr eine gem\u00fctliche Atmosph\u00e4re und um auch die Selbst\u00e4ndigkeit der Kinder zu f\u00f6rdern, werden die Tischsituationen gemeinsam vorbereitet und abger\u00e4umt. Die Kinder d\u00fcrfen sich jeden Mittag einen Tischspruch aussuchen.<\/li>\n<\/ul>\n<p><strong><u>Snack<\/u><\/strong><\/p>\n<ul>\n<li>F\u00fcr die Kinder, die l\u00e4nger als 35 Stunden in der Einrichtung sind, bieten wir noch einen kleinen Snack an. Dieser wird abwechslungsreich mit Obst, Gem\u00fcse, Brot, Quakspeisen oder Joghurt vorbereitet und angeboten.<\/li>\n<li>Kinder, die einen 35 Stunden Betreuungsplatz haben, k\u00f6nnen am Morgen durch ihre Eltern eine kleine Dose mit Namen beschriftet in der K\u00fcche abgeben. Die Kochfrau wird dann anteilm\u00e4\u00dfig den kleinen Snack in die Dose verpacken und dann an dem Garderobenschrank ihres Kindes legen oder in den K\u00fchlschrank der Gruppe.<\/li>\n<\/ul>\n<p><img loading=\"lazy\" decoding=\"async\" class=\"alignleft\" src=\"http:\/\/fkrwt.de\/cms\/wp-content\/uploads\/2019\/01\/Essensplan-150x150.jpg\" alt=\"Slide 1\" width=\"179\" height=\"179\" \/><img loading=\"lazy\" decoding=\"async\" class=\"alignleft\" src=\"http:\/\/fkrwt.de\/cms\/wp-content\/uploads\/2019\/01\/Pyramide-150x150.jpg\" alt=\"Slide 1\" width=\"179\" height=\"179\" \/><\/p>\n<p><span style=\"color: #000000; font-family: Times New Roman; font-size: medium;\">Aid Ern\u00e4hrungspyramide<\/span><\/p>\n<p>&nbsp;<\/p>\n","protected":false},"excerpt":{"rendered":"<p>Eine gesunde Ern\u00e4hrung bildet eine wichtige Grundlage f\u00fcr die kindliche Entwicklung. Indem alle wichtigen N\u00e4hrstoffe bereitgestellt werden, leitet es dem Kind die n\u00f6tige Energie, die es f\u00fcr seine t\u00e4glichen Aktivit\u00e4ten, f\u00fcr sein Spiel und seine Bewegung braucht. Unkompliziert in der Zubereitung und Zusammenstellung und dennoch schmackhaft und abwechslungsreich, so sollte die gesunde Kinderern\u00e4hrung sein. Fr\u00fchst\u00fcck Wir bitten daher die Eltern ein ausgewogenes Fr\u00fchst\u00fcck f\u00fcr ihr Kind t\u00e4glich eine Dose mit in die Einrichtung zu geben. Dies von Montag bis Donnerstag. Am Freitag findet ein M\u00fcslitag in unserer Einrichtung statt. Hier gestalten wir Fr\u00fchst\u00fcck \u00fcber das Verpflegungsgeld f\u00fcr das Mittagessen. Wechselnde Obst und Gem\u00fcsesorten bieten wir t\u00e4glich f\u00fcr die Kinder \u00fcber [&hellip;]<\/p>\n","protected":false},"author":5,"featured_media":0,"parent":1502,"menu_order":0,"comment_status":"closed","ping_status":"closed","template":"","meta":{"footnotes":""},"_links":{"self":[{"href":"https:\/\/fkrwt.de\/cms\/wp-json\/wp\/v2\/pages\/1529"}],"collection":[{"href":"https:\/\/fkrwt.de\/cms\/wp-json\/wp\/v2\/pages"}],"about":[{"href":"https:\/\/fkrwt.de\/cms\/wp-json\/wp\/v2\/types\/page"}],"author":[{"embeddable":true,"href":"https:\/\/fkrwt.de\/cms\/wp-json\/wp\/v2\/users\/5"}],"replies":[{"embeddable":true,"href":"https:\/\/fkrwt.de\/cms\/wp-json\/wp\/v2\/comments?post=1529"}],"version-history":[{"count":2,"href":"https:\/\/fkrwt.de\/cms\/wp-json\/wp\/v2\/pages\/1529\/revisions"}],"predecessor-version":[{"id":1533,"href":"https:\/\/fkrwt.de\/cms\/wp-json\/wp\/v2\/pages\/1529\/revisions\/1533"}],"up":[{"embeddable":true,"href":"https:\/\/fkrwt.de\/cms\/wp-json\/wp\/v2\/pages\/1502"}],"wp:attachment":[{"href":"https:\/\/fkrwt.de\/cms\/wp-json\/wp\/v2\/media?parent=1529"}],"curies":[{"name":"wp","href":"https:\/\/api.w.org\/{rel}","templated":true}]}}

Ernährung

<h2>Eine gesunde Ernährung bildet eine wichtige Grundlage für die kindliche Entwicklung. Indem alle wichtigen Nährstoffe bereitgestellt werden, leitet es dem Kind die nötige Energie, die es für seine täglichen Aktivitäten, für sein Spiel und seine Bewegung braucht.</h2>
<p>Unkompliziert in der Zubereitung und Zusammenstellung und dennoch schmackhaft und abwechslungsreich, so sollte die gesunde Kinderernährung sein.</p>
<p><strong><u>Frühstück</u></strong></p>
<ul>
<li>Wir bitten daher die Eltern ein ausgewogenes Frühstück für ihr Kind täglich eine Dose mit in die Einrichtung zu geben. Dies von Montag bis Donnerstag. Am Freitag findet ein Müslitag in unserer Einrichtung statt. Hier gestalten wir Frühstück über das Verpflegungsgeld für das Mittagessen. Wechselnde Obst und Gemüsesorten bieten wir täglich für die Kinder über einen kleinen Snackteller am Frühstückstisch für alle Kinder ebenfalls über das Verpflegungsgeld.</li>
<li>Jeden Tag können die Kinder zwischen ungesüßtem Tee, Wasser und Milch (nur am Morgen) auswählen.</li>
</ul>
<p>&nbsp;</p>
<p><strong><u>Feste und Feiern</u></strong></p>
<ul>
<li>Jahreszeitliche Feste und Feiern werden auch mit einem gemeinsamen Frühstück in der Gruppe gefeiert. Hierbei gibt es oft eine Besonderheit z.B. einen riesigen gebackenen Weckmann, bunte Eier u.ä.</li>
<li>Auch die Geburtstage der Kinder werden in der Gruppe gefeiert. Dazu bringen die Familien in der Regel eine Kleinigkeit zu essen mit. Gesunde Alternativen zum traditionellen Geburtstagskuchen , wie z.. Obstspieße, Gemüsetiere u.ä. sind visualisiert an der Wand neben der Küche einzusehen.</li>
</ul>
<p><strong><u>Mittagessen</u></strong></p>
<ul>
<li>Für das Mittagessen ist eine Kochfrau eingestellt. Diese bereitet täglich eine ausgewogene schmackhafte und kindgerechte Mahlzeit vor (vegetarisch, Fisch, Fleisch). Die Lagerung und die Zubereitung der Mahlzeiten finden in einer Gastronomieküche innerhalb der Einrichtung statt.</li>
<li>Den Speiseplan für eine Woche hängt an der Wand neben der Küche aus. Daneben wird dieser kindgerecht mit Bildern visualisiert.</li>
<li>Einmal im Jahr hat jede Gruppe eine „Wunschwoche“. In der Können die Kinder sich anhand der Bilder im Flur, ihre Menüs zusammenstellen.</li>
<li>Wenn es Suppe gibt, backen immer 2 Kinder aus den Ü3 Gruppen mit der Kochfrau gemeinsam das Brot zum Mittagessen für alle Kinder.</li>
<li>Für eine gemütliche Atmosphäre und um auch die Selbständigkeit der Kinder zu fördern, werden die Tischsituationen gemeinsam vorbereitet und abgeräumt. Die Kinder dürfen sich jeden Mittag einen Tischspruch aussuchen.</li>
</ul>
<p><strong><u>Snack</u></strong></p>
<ul>
<li>Für die Kinder, die länger als 35 Stunden in der Einrichtung sind, bieten wir noch einen kleinen Snack an. Dieser wird abwechslungsreich mit Obst, Gemüse, Brot, Quakspeisen oder Joghurt vorbereitet und angeboten.</li>
<li>Kinder, die einen 35 Stunden Betreuungsplatz haben, können am Morgen durch ihre Eltern eine kleine Dose mit Namen beschriftet in der Küche abgeben. Die Kochfrau wird dann anteilmäßig den kleinen Snack in die Dose verpacken und dann an dem Garderobenschrank ihres Kindes legen oder in den Kühlschrank der Gruppe.</li>
</ul>
<p><img loading="lazy" decoding="async" class="alignleft" src="http://fkrwt.de/cms/wp-content/uploads/2019/01/Essensplan-150x150.jpg" alt="Slide 1" width="179" height="179" /><img loading="lazy" decoding="async" class="alignleft" src="http://fkrwt.de/cms/wp-content/uploads/2019/01/Pyramide-150x150.jpg" alt="Slide 1" width="179" height="179" /></p>
<p><span style="color: #000000; font-family: Times New Roman; font-size: medium;">Aid Ernährungspyramide</span></p>
<p>&nbsp;</p>

<p>Eine gesunde Ernährung bildet eine wichtige Grundlage für die kindliche Entwicklung. Indem alle wichtigen Nährstoffe bereitgestellt werden, leitet es dem Kind die nötige Energie, die es für seine täglichen Aktivitäten, für sein Spiel und seine Bewegung braucht. Unkompliziert in der Zubereitung und Zusammenstellung und dennoch schmackhaft und abwechslungsreich, so sollte die gesunde Kinderernährung sein. Frühstück Wir bitten daher die Eltern ein ausgewogenes Frühstück für ihr Kind täglich eine Dose mit in die Einrichtung zu geben. Dies von Montag bis Donnerstag. Am Freitag findet ein Müslitag in unserer Einrichtung statt. Hier gestalten wir Frühstück über das Verpflegungsgeld für das Mittagessen. Wechselnde Obst und Gemüsesorten bieten wir täglich für die Kinder über [&hellip;]</p>
