{"id":1534,"date":"2019-01-13T18:53:05","date_gmt":"2019-01-13T16:53:05","guid":{"rendered":"http:\/\/fkrwt.de\/cms\/?page_id=1534"},"modified":"2019-01-13T18:53:05","modified_gmt":"2019-01-13T16:53:05","slug":"die-rechte-unserer-kinder","status":"publish","type":"page","link":"https:\/\/fkrwt.de\/cms\/die-kita\/die-rechte-unserer-kinder\/","title":{"rendered":"Die Rechte unserer Kinder"},"content":{"rendered":"<h2 style=\"text-align: center;\"><u>Alle Kinder haben die gleichen Rechte!<\/u><\/h2>\n<p><span style=\"color: #ff0000;\">Kinderrechte<\/span> <span style=\"color: #008000;\">sind<\/span> <span style=\"color: #ff0000;\">Jugendrechte<\/span> <span style=\"color: #008000;\">sind<\/span> <span style=\"color: #ff0000;\">Menschenrechte<\/span>.\u00a0\u00a0\u00a0\u00a0\u00a0\u00a0\u00a0\u00a0\u00a0\u00a0\u00a0\u00a0\u00a0\u00a0\u00a0\u00a0\u00a0\u00a0\u00a0\u00a0\u00a0\u00a0\u00a0\u00a0\u00a0\u00a0\u00a0\u00a0\u00a0\u00a0\u00a0\u00a0\u00a0\u00a0\u00a0\u00a0\u00a0\u00a0\u00a0\u00a0\u00a0\u00a0\u00a0\u00a0\u00a0\u00a0\u00a0\u00a0\u00a0\u00a0\u00a0\u00a0\u00a0\u00a0\u00a0\u00a0\u00a0\u00a0 Kinderrechte gelten bis zum 18. Lebensjahr<\/p>\n<p>&nbsp;<\/p>\n<p><span style=\"color: #ff9900;\">Das Recht auf Achtung als eigenst\u00e4ndige Pers\u00f6nlichkeit Pr\u00e4ambel \u00a0<\/span><span style=\"color: #003366;\"><strong>Recht auf Bindung und Beziehung Art. 9, 18 <\/strong><\/span><span style=\"color: #ff0000;\"> Schutz vor Diskriminierung als M\u00e4dchen oder Junge, wegen der Religion, der nationalen, ethnischen oder sozialen Herkunft oder einer Behinderung<\/span> Art. 2<span style=\"color: #008000;\"> Das Recht auf Vorrang des Kindeswohls in allen Angelegenheiten, die Kinder betreffen<\/span> Art. 3 <span style=\"color: #000080;\"><strong>Das Recht auf gesunde Entwicklungsbedingungen und Gesundheitsvorsorge<\/strong><\/span> Art. 6, 24\u00a0 <span style=\"color: #ff0000;\">Recht auf gemeinsames Leben und Hilfe bei Behinderung<\/span> Art. 23\u00a0\u00a0<span style=\"color: #008000;\"> Das Recht auf Privatsph\u00e4re<\/span> Art. 16\u00a0 <span style=\"color: #ff9900;\">Recht auf Spiel und Freizeit<\/span> Art. 31\u00a0 <strong><span style=\"color: #000080;\">Recht des Kindes auf Bildung<\/span> <\/strong>Art.28 <span style=\"color: #ff0000;\">Recht auf Information, Versammlungsfreiheit und freie Meinungs\u00e4u\u00dferung<\/span> Art.13,15,17 <strong><span style=\"color: #000080;\">Recht des Kindes auf Entfaltung der eigenen Pers\u00f6nlichkeit<\/span> <\/strong>Art.29 <span style=\"color: #ff9900;\">Das Recht auf soziale Sicherheit und angemessenes Lebensstandard<\/span> Art. 26, 27 Schutz <span style=\"color: #008000;\">vor sexueller Gewalt <\/span>Art. 34 <span style=\"color: #ff0000;\">Recht auf Schutz im Krieg und als Fl\u00fcchtling<\/span> Art. 38, 22<span style=\"color: #33cccc;\"> Anh\u00f6rungsrecht vor Gericht<\/span> Art.12 <span style=\"color: #ff0000;\">Recht auf Leben<\/span> Art.6\u00a0 <span style=\"color: #000080;\"><strong>Recht auf (gewaltfreie) Erziehung<\/strong> <\/span>Art. 19 <span style=\"color: #ff0000;\">Recht auf eine eigene Identit\u00e4t<\/span> Art. 7, 8 <span style=\"color: #008000;\">Recht auf Schutz vor rechtswidriger Verbringung ins Ausland<\/span> Art.11 <span style=\"color: #33cccc;\">Recht auf Kinder- und Jugendschutz<\/span> Art.17<span style=\"color: #ff9900;\"> Schutz vor Suchtstoffen<\/span> Art. 33 <strong><span style=\"color: #000080;\">Recht des Kindes auf kompetente Erwachsene<\/span> Art. 5 <\/strong><span style=\"color: #ff0000;\"> Recht auf Ma\u00dfnahmen gegen Entf\u00fchrung und Kinderhandel<\/span> Art. 35 <span style=\"color: #339966;\">Recht auf gesonderte Behandlung in Strafrecht und Strafverfahren<\/span> Art. 40<span style=\"color: #ff9900;\"> Schutz vor sonstiger Ausbeutung<\/span> Art. 36<span style=\"color: #ff0000;\"> F\u00f6rderung von Kindern mit Handicap<\/span> Art. 23<span style=\"color: #33cccc;\"> Recht auf Adoption<\/span> Art. 21<span style=\"color: #000080;\"> <strong>Recht auf Mitbestimmung <\/strong><\/span>Art.12 <span style=\"color: #339966;\">Recht auf Familienzusammenf\u00fchrung und grenz\u00fcberschreitende Kontakte<\/span> Art.10<\/p>\n<p>Auszug aus der UN-Kinderechtskonvention vom 20.11.1989<\/p>\n","protected":false},"excerpt":{"rendered":"<p>Alle Kinder haben die gleichen Rechte! Kinderrechte sind Jugendrechte sind Menschenrechte.\u00a0\u00a0\u00a0\u00a0\u00a0\u00a0\u00a0\u00a0\u00a0\u00a0\u00a0\u00a0\u00a0\u00a0\u00a0\u00a0\u00a0\u00a0\u00a0\u00a0\u00a0\u00a0\u00a0\u00a0\u00a0\u00a0\u00a0\u00a0\u00a0\u00a0\u00a0\u00a0\u00a0\u00a0\u00a0\u00a0\u00a0\u00a0\u00a0\u00a0\u00a0\u00a0\u00a0\u00a0\u00a0\u00a0\u00a0\u00a0\u00a0\u00a0\u00a0\u00a0\u00a0\u00a0\u00a0\u00a0\u00a0\u00a0 Kinderrechte gelten bis zum 18. Lebensjahr &nbsp; Das Recht auf Achtung als eigenst\u00e4ndige Pers\u00f6nlichkeit Pr\u00e4ambel \u00a0Recht auf Bindung und Beziehung Art. 9, 18 Schutz vor Diskriminierung als M\u00e4dchen oder Junge, wegen der Religion, der nationalen, ethnischen oder sozialen Herkunft oder einer Behinderung Art. 2 Das Recht auf Vorrang des Kindeswohls in allen Angelegenheiten, die Kinder betreffen Art. 3 Das Recht auf gesunde Entwicklungsbedingungen und Gesundheitsvorsorge Art. 6, 24\u00a0 Recht auf gemeinsames Leben und Hilfe bei Behinderung Art. 23\u00a0\u00a0 Das Recht auf Privatsph\u00e4re Art. 16\u00a0 Recht auf Spiel und Freizeit Art. 31\u00a0 Recht des Kindes auf Bildung Art.28 Recht auf [&hellip;]<\/p>\n","protected":false},"author":5,"featured_media":0,"parent":26,"menu_order":0,"comment_status":"closed","ping_status":"closed","template":"","meta":{"footnotes":""},"_links":{"self":[{"href":"https:\/\/fkrwt.de\/cms\/wp-json\/wp\/v2\/pages\/1534"}],"collection":[{"href":"https:\/\/fkrwt.de\/cms\/wp-json\/wp\/v2\/pages"}],"about":[{"href":"https:\/\/fkrwt.de\/cms\/wp-json\/wp\/v2\/types\/page"}],"author":[{"embeddable":true,"href":"https:\/\/fkrwt.de\/cms\/wp-json\/wp\/v2\/users\/5"}],"replies":[{"embeddable":true,"href":"https:\/\/fkrwt.de\/cms\/wp-json\/wp\/v2\/comments?post=1534"}],"version-history":[{"count":1,"href":"https:\/\/fkrwt.de\/cms\/wp-json\/wp\/v2\/pages\/1534\/revisions"}],"predecessor-version":[{"id":1535,"href":"https:\/\/fkrwt.de\/cms\/wp-json\/wp\/v2\/pages\/1534\/revisions\/1535"}],"up":[{"embeddable":true,"href":"https:\/\/fkrwt.de\/cms\/wp-json\/wp\/v2\/pages\/26"}],"wp:attachment":[{"href":"https:\/\/fkrwt.de\/cms\/wp-json\/wp\/v2\/media?parent=1534"}],"curies":[{"name":"wp","href":"https:\/\/api.w.org\/{rel}","templated":true}]}}