{"id":1575,"date":"2019-02-14T00:35:16","date_gmt":"2019-02-13T22:35:16","guid":{"rendered":"http:\/\/fkrwt.de\/cms\/?page_id=1575"},"modified":"2019-02-14T00:35:16","modified_gmt":"2019-02-13T22:35:16","slug":"kooperationen","status":"publish","type":"page","link":"https:\/\/fkrwt.de\/cms\/die-kita\/kooperationen\/","title":{"rendered":"Kooperationen"},"content":{"rendered":"<p><strong>Kooperationen mit anderen Institutionen<\/strong><\/p>\n<p>Durch eine gute und enge Zusammenarbeit mit mehreren Institutionen k\u00f6nnen wir eine hohe Qualit\u00e4t in unserer p\u00e4dagogischen Arbeit gew\u00e4hrleisten.<\/p>\n<p>Diese tragen entscheidend zum Wohl des Kindes bei.<\/p>\n<p><u>Kooperation im Team<\/u><\/p>\n<p>Regelm\u00e4\u00dfig stattfindende Besprechungen im Team:<\/p>\n<ul>\n<li>Gruppenteamsitzungen: Alle 2 Wochen montags 16:30-18:00 Uhr<\/li>\n<li>U3 Teilteamsitzungen: Dienstags 12:30-13:30 Uhr<\/li>\n<li>\u00dc3 Teilteamsitzungen: Nach Bedarf<\/li>\n<li>Teamsitzungen: Alle 2 Wochen montags 16:00-18:00 Uhr<\/li>\n<li>P\u00e4dagogische Planungstage: 3 Tage im Jahr (siehe Jahresplanung)<\/li>\n<\/ul>\n<p><u>Kooperation mit Schulen<\/u><\/p>\n<p>Wir stehen im engen Austausch mit den Grundschule in unserem Einzugsbereich, damit l\u00e4ngst begonnene Bildungsprozesse fortgef\u00fchrt werden und den Kindern der \u00dcbergang in die Schule erleichtert wird. Durch gegenseitige Hospitationen von Erzieher\/innen und Lehrer\/innen erhalten wir Einblicke in die jeweiligen Arbeitsbereiche.<\/p>\n<p><u>Kooperation mit anderen Institutionen<\/u><\/p>\n<p>Die Zusammenarbeit mit dem Jugendamt, anderen KiTa\u00b4s und Familienzentren, Gesundheitsamt, Fr\u00fchf\u00f6rderstellen und Sozialp\u00e4diatrische Zentren ist teil unserer Arbeit und tr\u00e4gt dem Recht des Kindes auf Gesundheitsf\u00f6rderung Rechnung.<\/p>\n<p><u>Kooperation mit externen Experten<\/u><\/p>\n<p>Im Rahmen der Projektarbeit werden die unterschiedlichen Experten kontaktiert (z.B. Polizei, Feuerwehr, B\u00fccherei, B\u00e4ckerei, Flughafen, Gesch\u00e4fte\u2026)<\/p>\n","protected":false},"excerpt":{"rendered":"<p>Kooperationen mit anderen Institutionen Durch eine gute und enge Zusammenarbeit mit mehreren Institutionen k\u00f6nnen wir eine hohe Qualit\u00e4t in unserer p\u00e4dagogischen Arbeit gew\u00e4hrleisten. Diese tragen entscheidend zum Wohl des Kindes bei. Kooperation im Team Regelm\u00e4\u00dfig stattfindende Besprechungen im Team: Gruppenteamsitzungen: Alle 2 Wochen montags 16:30-18:00 Uhr U3 Teilteamsitzungen: Dienstags 12:30-13:30 Uhr \u00dc3 Teilteamsitzungen: Nach Bedarf Teamsitzungen: Alle 2 Wochen montags 16:00-18:00 Uhr P\u00e4dagogische Planungstage: 3 Tage im Jahr (siehe Jahresplanung) Kooperation mit Schulen Wir stehen im engen Austausch mit den Grundschule in unserem Einzugsbereich, damit l\u00e4ngst begonnene Bildungsprozesse fortgef\u00fchrt werden und den Kindern der \u00dcbergang in die Schule erleichtert wird. Durch gegenseitige Hospitationen von Erzieher\/innen und Lehrer\/innen erhalten wir Einblicke [&hellip;]<\/p>\n","protected":false},"author":5,"featured_media":0,"parent":26,"menu_order":14,"comment_status":"closed","ping_status":"closed","template":"","meta":{"footnotes":""},"_links":{"self":[{"href":"https:\/\/fkrwt.de\/cms\/wp-json\/wp\/v2\/pages\/1575"}],"collection":[{"href":"https:\/\/fkrwt.de\/cms\/wp-json\/wp\/v2\/pages"}],"about":[{"href":"https:\/\/fkrwt.de\/cms\/wp-json\/wp\/v2\/types\/page"}],"author":[{"embeddable":true,"href":"https:\/\/fkrwt.de\/cms\/wp-json\/wp\/v2\/users\/5"}],"replies":[{"embeddable":true,"href":"https:\/\/fkrwt.de\/cms\/wp-json\/wp\/v2\/comments?post=1575"}],"version-history":[{"count":3,"href":"https:\/\/fkrwt.de\/cms\/wp-json\/wp\/v2\/pages\/1575\/revisions"}],"predecessor-version":[{"id":1578,"href":"https:\/\/fkrwt.de\/cms\/wp-json\/wp\/v2\/pages\/1575\/revisions\/1578"}],"up":[{"embeddable":true,"href":"https:\/\/fkrwt.de\/cms\/wp-json\/wp\/v2\/pages\/26"}],"wp:attachment":[{"href":"https:\/\/fkrwt.de\/cms\/wp-json\/wp\/v2\/media?parent=1575"}],"curies":[{"name":"wp","href":"https:\/\/api.w.org\/{rel}","templated":true}]}}

<p><strong>Kooperationen mit anderen Institutionen</strong></p>
<p>Durch eine gute und enge Zusammenarbeit mit mehreren Institutionen können wir eine hohe Qualität in unserer pädagogischen Arbeit gewährleisten.</p>
<p>Diese tragen entscheidend zum Wohl des Kindes bei.</p>
<p><u>Kooperation im Team</u></p>
<p>Regelmäßig stattfindende Besprechungen im Team:</p>
<ul>
<li>Gruppenteamsitzungen: Alle 2 Wochen montags 16:30-18:00 Uhr</li>
<li>U3 Teilteamsitzungen: Dienstags 12:30-13:30 Uhr</li>
<li>Ü3 Teilteamsitzungen: Nach Bedarf</li>
<li>Teamsitzungen: Alle 2 Wochen montags 16:00-18:00 Uhr</li>
<li>Pädagogische Planungstage: 3 Tage im Jahr (siehe Jahresplanung)</li>
</ul>
<p><u>Kooperation mit Schulen</u></p>
<p>Wir stehen im engen Austausch mit den Grundschule in unserem Einzugsbereich, damit längst begonnene Bildungsprozesse fortgeführt werden und den Kindern der Übergang in die Schule erleichtert wird. Durch gegenseitige Hospitationen von Erzieher/innen und Lehrer/innen erhalten wir Einblicke in die jeweiligen Arbeitsbereiche.</p>
<p><u>Kooperation mit anderen Institutionen</u></p>
<p>Die Zusammenarbeit mit dem Jugendamt, anderen KiTa´s und Familienzentren, Gesundheitsamt, Frühförderstellen und Sozialpädiatrische Zentren ist teil unserer Arbeit und trägt dem Recht des Kindes auf Gesundheitsförderung Rechnung.</p>
<p><u>Kooperation mit externen Experten</u></p>
<p>Im Rahmen der Projektarbeit werden die unterschiedlichen Experten kontaktiert (z.B. Polizei, Feuerwehr, Bücherei, Bäckerei, Flughafen, Geschäfte…)</p>

<p>Kooperationen mit anderen Institutionen Durch eine gute und enge Zusammenarbeit mit mehreren Institutionen können wir eine hohe Qualität in unserer pädagogischen Arbeit gewährleisten. Diese tragen entscheidend zum Wohl des Kindes bei. Kooperation im Team Regelmäßig stattfindende Besprechungen im Team: Gruppenteamsitzungen: Alle 2 Wochen montags 16:30-18:00 Uhr U3 Teilteamsitzungen: Dienstags 12:30-13:30 Uhr Ü3 Teilteamsitzungen: Nach Bedarf Teamsitzungen: Alle 2 Wochen montags 16:00-18:00 Uhr Pädagogische Planungstage: 3 Tage im Jahr (siehe Jahresplanung) Kooperation mit Schulen Wir stehen im engen Austausch mit den Grundschule in unserem Einzugsbereich, damit längst begonnene Bildungsprozesse fortgeführt werden und den Kindern der Übergang in die Schule erleichtert wird. Durch gegenseitige Hospitationen von Erzieher/innen und Lehrer/innen erhalten wir Einblicke [&hellip;]</p>
